 when 212215155 is divided by 116?
115
What is the remainder when 22626168 is divided by 19?
18
What is the remainder when 885419 is divided by 21?
17
What is the remainder when 402248 is divided by 464?
424
Calculate the remainder when 441751064 is divided by 110437765.
4
Calculate the remainder when 11684736 is divided by 415.
411
Calculate the remainder when 313 is divided by 50.
13
Calculate the remainder when 3834001 is divided by 123.
91
Calculate the remainder when 1350409 is divided by 112530.
49
What is the remainder when 435950786 is divided by 854?
12
What is the remainder when 4140027 is divided by 2713?
2702
What is the remainder when 2669512 is divided by 1816?
1808
What is the remainder when 8917846 is divided by 116?
114
Calculate the remainder when 1768121 is divided by 80369.
3
What is the remainder when 34332577 is divided by 29?
28
Calculate the remainder when 144771 is divided by 6032.
3
What is the remainder when 2552065 is divided by 2901?
2086
Calculate the remainder when 4711704 is divided by 2762.
2494
Calculate the remainder when 63549 is divided by 50810.
12739
Calculate the remainder when 549813 is divided by 183164.
321
Calculate the remainder when 4349796 is divided by 1473.
27
What is the remainder when 7480999 is divided by 311706?
55
Calculate the remainder when 650790 is divided by 643.
74
What is the remainder when 194591 is divided by 1098?
245
What is the remainder when 88353 is divided by 84173?
4180
Calculate the remainder when 289660 is divided by 94892.
4984
Calculate the remainder when 48639 is divided by 23673.
1293
Calculate the remainder when 72012 is divided by 21881.
6369
What is the remainder when 3292330 is divided by 4332?
10
What is the remainder when 264340815 is divided by 21?
18
Calculate the remainder when 29111 is divided by 1876.
971
Calculate the remainder when 175442 is divided by 43807.
214
Calculate the remainder when 463846103 is divided by 8515.
8508
Calculate the remainder when 187393 is divided by 93648.
97
Calculate the remainder when 1469015 is divided by 4398.
83
Calculate the remainder when 7908554 is divided by 81.
38
Calculate the remainder when 269440 is divided by 4349.
4151
Calculate the remainder when 2270721 is divided by 25803.
57
Calculate the remainder when 26178469 is divided by 15318.
7
Calculate the remainder when 2682539 is divided by 536507.
4
What is the remainder when 2151535 is divided by 2846?
2805
What is the remainder when 1739215 is divided by 1453?
1427
Calculate the remainder when 765630 is divided by 6027.
201
What is the remainder when 4999724 is divided by 14880?
44
Calculate the remainder when 55668249 is divided by 97.
46
What is the remainder when 237304 is divided by 372?
340
What is the remainder when 684326 is divided by 19008?
38
Calculate the remainder when 5862436 is divided by 39.
34
Calculate the remainder when 33571597 is divided by 7.
3
What is the remainder when 44742373 is divided by 299?
13
What is the remainder when 13198265 is divided by 6599056?
153
What is the remainder when 32626990 is divided by 41?
10
Calculate the remainder when 671797 is divided by 223878.
163
What is the remainder when 36694772 is divided by 4077195?
17
What is the remainder when 3719639 is divided by 157?
152
Calculate the remainder when 25232 is divided by 24544.
688
What is the remainder when 3365304 is divided by 933?
906
Calculate the remainder when 191396 is divided by 38276.
16
Calculate the remainder when 7281282 is divided by 330963.
96
What is the remainder when 253665 is divided by 253546?
119
Calculate the remainder when 800381 is divided by 1360.
701
Calculate the remainder when 255031 is divided by 1613.
177
What is the remainder when 3852109 is divided by 132?
85
Calculate the remainder when 740120 is divided by 184985.
180
What is the remainder when 599805077 is divided by 28?
25
Calculate the remainder when 196754 is divided by 37.
25
What is the remainder when 258356 is divided by 51662?
46
What is the remainder when 104102 is divided by 434?
376
What is the remainder when 28924268 is divided by 160?
108
Calculate the remainder when 40149146 is divided by 6.
2
What is the remainder when 67796714 is divided by 406?
398
What is the remainder when 48766353 is divided by 17?
0
What is the remainder when 43764 is divided by 1757?
1596
What is the remainder when 167933497 is divided by 500?
497
Calculate the remainder when 1233625 is divided by 6294.
1
What is the remainder when 53509515 is divided by 20708?
43
What is the remainder when 182230 is divided by 3960?
70
Calculate the remainder when 11404439 is divided by 6829.
9
What is the remainder when 64201 is divided by 3626?
2559
What is the remainder when 2502455 is divided by 374?
21
What is the remainder when 84648 is divided by 2562?
102
What is the remainder when 142068 is divided by 19647?
4539
Calculate the remainder when 15597 is divided by 643.
165
What is the remainder when 18431 is divided by 3073?
3066
Calculate the remainder when 144987 is divided by 28955.
212
Calculate the remainder when 20438352 is divided by 473.
22
Calculate the remainder when 32806 is divided by 912.
886
What is the remainder when 362290 is divided by 1534?
266
Calculate the remainder when 66249 is divided by 329.
120
What is the remainder when 2274967 is divided by 368?
359
What is the remainder when 13032125 is divided by 492?
29
What is the remainder when 3259857 is divided by 350?
307
Calculate the remainder when 11455406 is divided by 3247.
3237
Calculate the remainder when 1125679 is divided by 12844.
8251
Calculate the remainder when 1781796 is divided by 89085.
96
Calculate the remainder when 13140624 is divided by 281.
221
Calculate the remainder when 5739310 is divided by 39.
31
What is the remainder when 299225702 is divided by 565?
7
Calculate the remainder when 93951386 is divided by 114.
110
What is the remainder when 2707964 is divided by 211?
201
Calculate the remainder when 489260 is divided by 1606.
1036
Calculate the remainder when 2774956 is divided by 2447.
58
Calculate the remainder when 175286 is divided by 57793.
1907
Calculate the remainder when 110395 is divided by 55097.
201
Calculate the remainder when 51200435 is divided by 760.
755
What is the remainder when 646124 is divided by 646105?
19
Calculate the remainder when 1343771 is divided by 33.
11
Calculate the remainder when 7291070 is divided by 843.
806
What is the remainder when 2917888 is divided by 431?
18
What is the remainder when 47567174 is divided by 267231?
56
Calculate the remainder when 1795983 is divided by 29442.
21
What is the remainder when 24231386 is divided by 7?
4
What is the remainder when 117153365 is divided by 32899?
26
What is the remainder when 50607569 is divided by 287?
285
What is the remainder when 41989 is divided by 10471?
105
Calculate the remainder when 63779499 is divided by 762.
99
What is the remainder when 37396826 is divided by 122?
44
What is the remainder when 2322812 is divided by 38?
24
What is the remainder when 4513841 is divided by 18?
17
Calculate the remainder when 317322 is divided by 3170.
322
What is the remainder when 703716 is divided by 57?
51
Calculate the remainder when 12174321 is divided by 6087156.
9
What is the remainder when 45065689 is divided by 4064?
4057
Calculate the remainder when 3404854 is divided by 1260.
334
Calculate the remainder when 49230 is divided by 3430.
1210
What is the remainder when 58295694 is divided by 267?
249
What is the remainder when 3200990 is divided by 4157?
100
What is the remainder when 247841 is divided by 1579?
1517
Calculate the remainder when 4432369 is divided by 1477450.
19
What is the remainder when 380402 is divided by 250?
152
What is the remainder when 2047884 is divided by 2047873?
11
What is the remainder when 58710 is divided by 8376?
78
What is the remainder when 6732232 is divided by 1122037?
10
What is the remainder when 7090992 is divided by 2771?
3
Calculate the remainder when 1229182 is divided by 78.
58
Calculate the remainder when 19345 is divided by 242.
227
Calculate the remainder when 619188 is divided by 47618.
154
What is the remainder when 398817145 is divided by 32?
25
Calculate the remainder when 274